{"id":23,"date":"2020-07-27T10:01:38","date_gmt":"2020-07-27T10:01:38","guid":{"rendered":"https:\/\/www.janetti.fi\/eraveikot\/demo\/?page_id=23"},"modified":"2025-08-27T10:21:29","modified_gmt":"2025-08-27T10:21:29","slug":"metsastys","status":"publish","type":"page","link":"https:\/\/www.janetti.fi\/eraveikot\/metsastys\/","title":{"rendered":"Mets\u00e4stys"},"content":{"rendered":"\n<h3 class=\"wp-block-heading\">Mets\u00e4stysalueet<\/h3>\n\n\n\n<p><strong>Kangasniemen Er\u00e4veikot ry:n mets\u00e4stysaluekartat l\u00f6yd\u00e4t Oma riista-palvelusta.<\/strong> Eri riistalajeille on omat karttansa, koska rauhoituksista on monenlaisia k\u00e4yt\u00e4nt\u00f6j\u00e4 (jossain esim. linnut kielletty, mutta kaikki muu riista sallittu tai ainoastaan hirvi ja pienpedot sallittu jne.). Aluetunnuksella saat kartan p\u00e4ivitetty\u00e4 OmaRiista-sovellukseesi. <\/p>\n\n\n\n<p><strong>Aluetunnukset 2025-2026:<\/strong><\/p>\n\n\n\n<ul class=\"wp-block-list\">\n<li>Pienpedot ja pienriista (ei mets\u00e4kanalinnut!) 6B7SWTTRSQ<\/li>\n\n\n\n<li>Mets\u00e4kanalinnut 5JWQU76PWC (Per\u00e4harjun maalla Hankasalmentien laidassa ei saa mets\u00e4st\u00e4\u00e4 metsoa.)<\/li>\n\n\n\n<li>Hirviel\u00e4inalue 65SPH4SQ8R<\/li>\n<\/ul>\n\n\n\n<p>Oma riistaan valitset kartan menem\u00e4ll\u00e4 ensin osioon kartta, sielt\u00e4 asetuksiin (rattaan kuva ylh\u00e4\u00e4ll\u00e4) ja alempaa kohdasta &#8221;lis\u00e4\u00e4 alue&#8221; painikkeen &#8221;Oma riista -alue&#8221; takaa voit valita haluamasi alueen. <\/p>\n\n\n\n<p>Oma riistan alueet saat my\u00f6s Tracker-sovellukseen n\u00e4kyville (kolme pistett\u00e4, kartat, Oma riista ja kartan aluetunnuksen sy\u00f6tt\u00e4minen.  <\/p>\n\n\n\n<figure class=\"wp-block-image size-full is-resized\"><a href=\"https:\/\/oma.riista.fi\/#\/\" target=\"_blank\" rel=\"noreferrer noopener\"><img loading=\"lazy\" decoding=\"async\" width=\"500\" height=\"423\" src=\"https:\/\/www.janetti.fi\/eraveikot\/wp-content\/uploads\/2023\/07\/Oma_riista_web_pysty.png\" alt=\"Oma riista -palvelu\" class=\"wp-image-472\" style=\"width:375px;height:317px\" srcset=\"https:\/\/www.janetti.fi\/eraveikot\/wp-content\/uploads\/2023\/07\/Oma_riista_web_pysty.png 500w, https:\/\/www.janetti.fi\/eraveikot\/wp-content\/uploads\/2023\/07\/Oma_riista_web_pysty-300x254.png 300w\" sizes=\"auto, (max-width: 500px) 100vw, 500px\" \/><\/a><\/figure>\n\n\n\n<p>Mik\u00e4li palvelu ei ole viel\u00e4 k\u00e4yt\u00f6ss\u00e4si, voit rekister\u00f6ity\u00e4 sinne <a rel=\"noreferrer noopener\" href=\"https:\/\/oma.riista.fi\/#\/\" target=\"_blank\">t\u00e4st\u00e4<\/a>. Kun olet rekister\u00f6itynyt, l\u00e4het\u00e4 mets\u00e4st\u00e4j\u00e4numerosi Oma riista-palvelun yhteyshenkil\u00f6lle, jonka j\u00e4lkeen Sinut lis\u00e4t\u00e4\u00e4n seuran j\u00e4seneksi palveluun. Muistathan my\u00f6s ladata puhelinsovelluksen!<\/p>\n\n\n\n<p>Huom! Tietyist\u00e4 lajeista tulee tehd\u00e4 lakis\u00e4\u00e4teinen saalisilmoitus. <a href=\"https:\/\/www.riistainfo.fi\/videot\/lakisaateinen-saalisilmoitus-oma-riista-verkkopalvelussa\/\" target=\"_blank\" rel=\"noreferrer noopener\">Katso lis\u00e4tiedot ja ohje!<\/a> Seuran s\u00e4\u00e4nn\u00f6iss\u00e4 on my\u00f6s, my\u00f6s muusta saaliista pidet\u00e4\u00e4n kirjaa. Helpointa t\u00e4m\u00e4 on Oma riistan kautta, sielt\u00e4 saamme ne kootusti Er\u00e4veikkojen saalistilastoihin. Kauden pienpetosaaliit ilmoitetaan my\u00f6s erikseen my\u00f6hemmin annettavien ohjeiden mukaisesti, pid\u00e4th\u00e4n siis saaliisi ylh\u00e4\u00e4ll\u00e4! <\/p>\n\n\n\n<p><a href=\"https:\/\/www.riistainfo.fi\/oma-riista-ohjeet\/\" target=\"_blank\" rel=\"noreferrer noopener\">Ohjeita Oma riistaan rekister\u00f6itymiseen<\/a><\/p>\n\n\n\n<p><strong>Er\u00e4veikkojen Oma riista-yhteyshenkil\u00f6:<\/strong><\/p>\n\n\n\n<ul class=\"wp-block-list\">\n<li>Jaana Laitinen, 040 507 2713, jaana.laitinen(a)janetti.fi<\/li>\n<\/ul>\n\n\n\n<p><strong>Mets\u00e4stysaluekartta on n\u00e4ht\u00e4vill\u00e4 my\u00f6s mets\u00e4stysmajan ulko-oven vieress\u00e4. <\/strong>Kysy muilta seuran j\u00e4senilt\u00e4, jos olet v\u00e4h\u00e4nk\u00e4\u00e4n ep\u00e4varma <a href=\"https:\/\/www.janetti.fi\/eraveikot\/metsastys\/muu-riista\/\" data-type=\"page\" data-id=\"29\">rauhoitusalueista<\/a>.<\/p>\n\n\n\n<figure class=\"wp-block-image size-large\"><img loading=\"lazy\" decoding=\"async\" width=\"1024\" height=\"456\" src=\"https:\/\/www.janetti.fi\/eraveikot\/wp-content\/uploads\/2020\/07\/maisema-1024x456.jpg\" alt=\"\" class=\"wp-image-164\" srcset=\"https:\/\/www.janetti.fi\/eraveikot\/wp-content\/uploads\/2020\/07\/maisema-1024x456.jpg 1024w, https:\/\/www.janetti.fi\/eraveikot\/wp-content\/uploads\/2020\/07\/maisema-300x134.jpg 300w, https:\/\/www.janetti.fi\/eraveikot\/wp-content\/uploads\/2020\/07\/maisema-768x342.jpg 768w, https:\/\/www.janetti.fi\/eraveikot\/wp-content\/uploads\/2020\/07\/maisema-1536x684.jpg 1536w, https:\/\/www.janetti.fi\/eraveikot\/wp-content\/uploads\/2020\/07\/maisema.jpg 1600w\" sizes=\"auto, (max-width: 1024px) 100vw, 1024px\" \/><\/figure>\n\n\n\n<div style=\"height:30px\" aria-hidden=\"true\" class=\"wp-block-spacer\"><\/div>\n\n\n\n<h3 class=\"wp-block-heading\">Vieraskortti 2025<\/h3>\n\n\n\n<p>Vieraskortin hinta 10 \u20ac\/vrk. Is\u00e4nn\u00e4n\/em\u00e4nn\u00e4n oltava mukana. Kiinti\u00f6llisiss\u00e4 lajeissa saalis is\u00e4nn\u00e4n\/em\u00e4nn\u00e4n kiinti\u00f6st\u00e4. Kaurista ei voi mets\u00e4st\u00e4\u00e4 vieraskortilla. <\/p>\n\n\n\n<p>Maksu Er\u00e4veikkojen tilille: FI03 5105 0620 0333 84 ja kuitti (s\u00e4hk\u00f6inen tai paperi) mukaan mets\u00e4lle. Kuitista tulee n\u00e4ky\u00e4, mille p\u00e4iv\u00e4lle maksu on suoritettu ja kenen vieraana kyseinen mets\u00e4st\u00e4j\u00e4 on. <\/p>\n\n\n\n<p>J\u00e4senen vieraana pienpetoja mets\u00e4st\u00e4vilt\u00e4 ei vieraskorttimaksua perit\u00e4.&nbsp;My\u00f6s mahdolliset suurriistajahdit Er\u00e4veikkojen mets\u00e4stysalueilla eiv\u00e4t edellyt\u00e4 vieraskortin lunastamista.<\/p>\n\n\n\n<h3 class=\"wp-block-heading\">Katso my\u00f6s: <\/h3>\n\n\n\n<ul class=\"wp-block-list\">\n<li><a href=\"https:\/\/www.janetti.fi\/eraveikot\/metsastys\/hirvi\/\">Hirven mets\u00e4stys<\/a><\/li>\n\n\n\n<li><a href=\"https:\/\/www.janetti.fi\/eraveikot\/metsastys\/suurpedot\/\">Suurpetojen mets\u00e4stys<\/a><\/li>\n\n\n\n<li><a href=\"https:\/\/www.janetti.fi\/eraveikot\/metsastys\/muu-riista\/\">Muu riista (esim. mets\u00e4kanalinnut, j\u00e4nis, kauris&#8230;)<\/a><\/li>\n<\/ul>\n\n\n\n<figure class=\"wp-block-image size-large\"><img loading=\"lazy\" decoding=\"async\" width=\"1024\" height=\"505\" src=\"https:\/\/www.janetti.fi\/eraveikot\/wp-content\/uploads\/2020\/09\/6d1d8f2e-0fdd-4a31-b467-506d4a7a7dc6-1024x505.jpg\" alt=\"\" class=\"wp-image-245\" srcset=\"https:\/\/www.janetti.fi\/eraveikot\/wp-content\/uploads\/2020\/09\/6d1d8f2e-0fdd-4a31-b467-506d4a7a7dc6-1024x505.jpg 1024w, https:\/\/www.janetti.fi\/eraveikot\/wp-content\/uploads\/2020\/09\/6d1d8f2e-0fdd-4a31-b467-506d4a7a7dc6-300x148.jpg 300w, https:\/\/www.janetti.fi\/eraveikot\/wp-content\/uploads\/2020\/09\/6d1d8f2e-0fdd-4a31-b467-506d4a7a7dc6-768x378.jpg 768w, https:\/\/www.janetti.fi\/eraveikot\/wp-content\/uploads\/2020\/09\/6d1d8f2e-0fdd-4a31-b467-506d4a7a7dc6-1536x757.jpg 1536w, https:\/\/www.janetti.fi\/eraveikot\/wp-content\/uploads\/2020\/09\/6d1d8f2e-0fdd-4a31-b467-506d4a7a7dc6.jpg 1599w\" sizes=\"auto, (max-width: 1024px) 100vw, 1024px\" \/><\/figure>\n","protected":false},"excerpt":{"rendered":"<p>Mets\u00e4stysalueet Kangasniemen Er\u00e4veikot ry:n mets\u00e4stysaluekartat l\u00f6yd\u00e4t Oma riista-palvelusta. Eri riistalajeille on omat karttansa, koska rauhoituksista on monenlaisia k\u00e4yt\u00e4nt\u00f6j\u00e4 (jossain esim. linnut kielletty, mutta kaikki muu riista sallittu tai ainoastaan hirvi ja pienpedot sallittu jne.). Aluetunnuksella saat kartan p\u00e4ivitetty\u00e4 OmaRiista-sovellukseesi. Aluetunnukset 2025-2026: Oma riistaan valitset kartan menem\u00e4ll\u00e4 ensin osioon kartta, sielt\u00e4 asetuksiin (rattaan kuva ylh\u00e4\u00e4ll\u00e4) ja [&hellip;]<\/p>\n","protected":false},"author":1,"featured_media":0,"parent":0,"menu_order":0,"comment_status":"closed","ping_status":"closed","template":"","meta":{"footnotes":""},"class_list":["post-23","page","type-page","status-publish","hentry"],"_links":{"self":[{"href":"https:\/\/www.janetti.fi\/eraveikot\/wp-json\/wp\/v2\/pages\/23","targetHints":{"allow":["GET"]}}],"collection":[{"href":"https:\/\/www.janetti.fi\/eraveikot\/wp-json\/wp\/v2\/pages"}],"about":[{"href":"https:\/\/www.janetti.fi\/eraveikot\/wp-json\/wp\/v2\/types\/page"}],"author":[{"embeddable":true,"href":"https:\/\/www.janetti.fi\/eraveikot\/wp-json\/wp\/v2\/users\/1"}],"replies":[{"embeddable":true,"href":"https:\/\/www.janetti.fi\/eraveikot\/wp-json\/wp\/v2\/comments?post=23"}],"version-history":[{"count":30,"href":"https:\/\/www.janetti.fi\/eraveikot\/wp-json\/wp\/v2\/pages\/23\/revisions"}],"predecessor-version":[{"id":744,"href":"https:\/\/www.janetti.fi\/eraveikot\/wp-json\/wp\/v2\/pages\/23\/revisions\/744"}],"wp:attachment":[{"href":"https:\/\/www.janetti.fi\/eraveikot\/wp-json\/wp\/v2\/media?parent=23"}],"curies":[{"name":"wp","href":"https:\/\/api.w.org\/{rel}","templated":true}]}}