{"id":19,"date":"2020-07-27T10:00:07","date_gmt":"2020-07-27T10:00:07","guid":{"rendered":"https:\/\/www.janetti.fi\/eraveikot\/demo\/?page_id=19"},"modified":"2026-03-28T02:50:11","modified_gmt":"2026-03-28T02:50:11","slug":"metsastysmaja","status":"publish","type":"page","link":"https:\/\/www.janetti.fi\/eraveikot\/metsastysmaja\/","title":{"rendered":"Mets\u00e4stysmaja"},"content":{"rendered":"\n<p>Er\u00e4veikkojen mets\u00e4stysmaja sijaitsee Kutemaj\u00e4rven kyl\u00e4ll\u00e4. Majan pihapiiriss\u00e4 on tilavan p\u00e4\u00e4rakennuksen lis\u00e4ksi nylkyvaja, uudehko pihasauna, grillikota, vanha m\u00f6kki ja vanha sauna, puuliiteri sek\u00e4 ulko-wc. <\/p>\n\n\n\n<p>Majan yl\u00e4kerrassa on yksi avoin iso tila, jossa on noin kahdeksalle henkil\u00f6lle levitett\u00e4v\u00e4t s\u00e4ngyt, patjat, peitot ja tyynyt. <\/p>\n\n\n\n<p>Seuran j\u00e4senet voivat varata majaa omaan k\u00e4ytt\u00f6\u00f6ns\u00e4 oheisen varauskalenterin kautta, josta n\u00e4et my\u00f6s majan varaustilanteen. Majan k\u00e4ytt\u00e4j\u00e4n tulee siivota paikat huolellisesti k\u00e4yt\u00f6n j\u00e4lkeen. <\/p>\n\n\n\n<p>Majan varaukset talvisaikaan vain, mik\u00e4li s\u00e4\u00e4olosuhteet sallivat. Kysy lis\u00e4tietoja.<\/p>\n\n\n\n<p><strong>Tiedustelut ja varaukset:<br><\/strong>Jorma Reinikainen, puh. 0400 883 459<\/p>\n\n\n\n<p><strong>VARAUSKALENTERI<\/strong><\/p>\n\n\n\n<div class=\"wp-block-booking-booking\"> <div id=\"form_id55106568657\" class=\"wpbc_container wpbc_form wpbc_container_booking_form \" ><form id=\"booking_form1\" class=\"booking_form vertical\" method=\"post\" action=\"\"><div id=\"ajax_respond_insert1\" class=\"ajax_respond_insert\" style=\"display:none;\"><\/div><a name=\"bklnk1\" id=\"bklnk1\"><\/a><div id=\"booking_form_div1\" class=\"booking_form_div\"><style type=\"text\/css\">.wpbc_container_booking_form .block_hints, .wpbc_booking_form_simple.wpbc_form_center .wpbc__form__div .wpbc__row.wpbc_r_calendar, .wpbc_booking_form_simple .wpbc__form__div .wpbc__row:not(.wpbc_r_calendar){max-width:440px;} <\/style>\n<div class=\"wpbc_booking_form_simple \">\n<div class=\"wpbc__row\">\n  <div class=\"wpbc__field\">\n    <div class=\"wpbc_calendar_wraper wpbc_change_over_triangle\"><div class=\"wpbc_cal_container bk_calendar_frame wpbc_no_custom_width  months_num_in_row_ cal_month_num_3 wpbc_timeslot_day_bg_as_available\" style=\"\"><div id=\"calendar_booking1\"  class=\"wpbc_calendar_id_1\" >\t<div class=\"calendar_loader_frame calendar_loader_frame1\"\r\n\t\tdata-wpbc-rid=\"1\"\r\n\t\tdata-wpbc-grace=\"8000\"\r\n\t\tstyle=\"--wpbc-loader-cols: 3;\"\r\n\t>\r\n\t\t<div class=\"calendar_loader_text\">Loading...<\/div>\r\n\t\t<div class=\"calendar_loader_frame__progress_line_container\">\r\n\t\t\t<div class=\"calendar_loader_frame__progress_line\"><\/div>\r\n\t\t<\/div>\r\n\t<\/div>\r\n\t<\/div><\/div><div style=\"font-size:7px;text-align:left;margin:0 0 10px;text-shadow: none;\">Powered by <a href=\"https:\/\/wpbookingcalendar.com\" style=\"font-size:7px;\" target=\"_blank\" title=\"Booking Calendar plugin for WordPress\">Booking Calendar<\/a><\/div><textarea id=\"date_booking1\" name=\"date_booking1\" autocomplete=\"off\" style=\"display:none;\"><\/textarea><div class=\"block_hints datepick \"><div class=\"wpdev_hint_with_text\"><div class=\"\"><div class=\"datepick-inline wpbc_calendar_legend_table_width_height\"><table class=\"datepick wpbc_calendar\" style=\"\"><tbody><tr><td class=\"datepick-days-cell date_available wpbc_calendar_legend_day_cell_height\"><div class=\"wpbc-cell-box\">\t<div class=\"date-cell-content\">\t\t<div class=\"date-content-top\"><\/div>\t\t<a>&nbsp;<\/a>\t\t<div class=\"date-content-bottom\"><\/div>\t<\/div><\/div><\/td><\/tr><\/tbody><\/table><\/div><\/div><div class=\"block_text\">- <\/div><div class=\"block_text\">Vapaa<\/div><\/div><div class=\"wpdev_hint_with_text\"><div class=\"\"><div class=\"datepick-inline wpbc_calendar_legend_table_width_height\"><table class=\"datepick wpbc_calendar\" style=\"\"><tbody><tr><td class=\"datepick-days-cell datepick-unselectable date_user_unavailable full_day_booking date_approved wpbc_calendar_legend_day_cell_height\"><div class=\"wpbc-cell-box\">\t<div class=\"date-cell-content\">\t\t<div class=\"date-content-top\"><\/div>\t\t<span>&nbsp;<\/span>\t\t<div class=\"date-content-bottom\"><\/div>\t<\/div><\/div><\/td><\/tr><\/tbody><\/table><\/div><\/div><div class=\"block_text\">- <\/div><div class=\"block_text\">Varattu<\/div><\/div><div class=\"wpdev_hint_with_text\"><div class=\"\"><div class=\"datepick-inline wpbc_calendar_legend_table_width_height\"><table class=\"datepick wpbc_calendar\" style=\"\"><tbody><tr><td class=\"datepick-days-cell datepick-unselectable date_user_unavailable full_day_booking date2approve wpbc_calendar_legend_day_cell_height\"><div class=\"wpbc-cell-box\">\t<div class=\"date-cell-content\">\t\t<div class=\"date-content-top\"><\/div>\t\t<span>&nbsp;<\/span>\t\t<div class=\"date-content-bottom\"><\/div>\t<\/div><\/div><\/td><\/tr><\/tbody><\/table><\/div><\/div><div class=\"block_text\">- <\/div><div class=\"block_text\">Avoin<\/div><\/div><\/div><\/div>\n  <\/div>\n  <div class=\"wpbc__field\">\n<div class=\"wpbc__form__div\">\n\t\t\t<div class=\"wpbc__row\">\n\t\t\t\t<div class=\"wpbc_r_name wpbc__field\"> <label>First Name*<\/label><br><span class=\"wpbc_wrap_text wpdev-form-control-wrap name1\"><input type=\"text\" name=\"name1\" value=\"\" autocomplete=\"name\" class=\"wpdev-validates-as-required\" size=\"40\" \/><\/span> <\/div>\n\t\t\t<\/div>\n\t\t\t<div class=\"wpbc__row\">\n\t\t\t\t<div class=\"wpbc_r_secondname wpbc__field\"> <label>Last Name*<\/label><br><span class=\"wpbc_wrap_text wpdev-form-control-wrap secondname1\"><input type=\"text\" name=\"secondname1\" value=\"\" autocomplete=\"secondname\" class=\"wpdev-validates-as-required\" size=\"40\" \/><\/span> <\/div>\n\t\t\t<\/div>\n\t\t\t<div class=\"wpbc__row\">\n\t\t\t\t<div class=\"wpbc_r_email wpbc__field\"> <label>Email*<\/label><br><span class=\"wpbc_wrap_text wpdev-form-control-wrap email1\"><input type=\"email\" name=\"email1\" value=\"\" autocomplete=\"email\" class=\"wpdev-validates-as-email wpdev-validates-as-required\" size=\"40\" \/><\/span> <\/div>\n\t\t\t<\/div>\n\t\t\t<div class=\"wpbc__row\">\n\t\t\t\t<div class=\"wpbc_r_phone wpbc__field\"> <label>Phone<\/label><br><span class=\"wpbc_wrap_text wpdev-form-control-wrap phone1\"><input type=\"text\" name=\"phone1\" value=\"\" autocomplete=\"phone\" size=\"40\" \/><\/span> <\/div>\n\t\t\t<\/div>\n\t\t\t<div class=\"wpbc__row\">\n\t\t\t\t<div class=\"wpbc_r_details wpbc__field\"> <label>Details<\/label><br><span class=\"wpbc_wrap_textarea wpdev-form-control-wrap details1\"><textarea name=\"details1\" autocomplete=\"details\"><\/textarea><\/span> <\/div>\n\t\t\t<\/div>\n\t\t\t<div class=\"wpbc__row\">\n\t\t\t\t<div class=\"wpbc_r_submit wpbc__field\"><input type=\"button\" value=\"L\u00e4het\u00e4\" class=\"wpbc_button_light  btn btn\" onclick=\"wpbc_booking_form_submit(this.form,1, 'fi');\" \/> <\/div>\n\t\t\t<\/div>\n<\/div>\n\t<\/div>\n\t<\/div>\n<\/div><input id=\"bk_type1\" name=\"bk_type1\" class=\"\" type=\"hidden\" value=\"1\" \/><\/div><div id=\"submiting1\"><\/div><div class=\"form_bk_messages\" id=\"form_bk_messages1\" ><\/div><input type=\"hidden\" id=\"wpbc_nonceCALCULATE_THE_COST1\" name=\"wpbc_nonceCALCULATE_THE_COST1\" value=\"b13fdd5396\" \/><input type=\"hidden\" name=\"_wp_http_referer\" value=\"\/eraveikot\/wp-json\/wp\/v2\/pages\/19\" \/><\/form><\/div><div id=\"booking_form_garbage1\" class=\"booking_form_garbage\"><\/div> <\/div>\n","protected":false},"excerpt":{"rendered":"<p>Er\u00e4veikkojen mets\u00e4stysmaja sijaitsee Kutemaj\u00e4rven kyl\u00e4ll\u00e4. Majan pihapiiriss\u00e4 on tilavan p\u00e4\u00e4rakennuksen lis\u00e4ksi nylkyvaja, uudehko pihasauna, grillikota, vanha m\u00f6kki ja vanha sauna, puuliiteri sek\u00e4 ulko-wc. Majan yl\u00e4kerrassa on yksi avoin iso tila, jossa on noin kahdeksalle henkil\u00f6lle levitett\u00e4v\u00e4t s\u00e4ngyt, patjat, peitot ja tyynyt. Seuran j\u00e4senet voivat varata majaa omaan k\u00e4ytt\u00f6\u00f6ns\u00e4 oheisen varauskalenterin kautta, josta n\u00e4et my\u00f6s majan [&hellip;]<\/p>\n","protected":false},"author":1,"featured_media":0,"parent":0,"menu_order":0,"comment_status":"closed","ping_status":"closed","template":"","meta":{"footnotes":""},"class_list":["post-19","page","type-page","status-publish","hentry"],"_links":{"self":[{"href":"https:\/\/www.janetti.fi\/eraveikot\/wp-json\/wp\/v2\/pages\/19","targetHints":{"allow":["GET"]}}],"collection":[{"href":"https:\/\/www.janetti.fi\/eraveikot\/wp-json\/wp\/v2\/pages"}],"about":[{"href":"https:\/\/www.janetti.fi\/eraveikot\/wp-json\/wp\/v2\/types\/page"}],"author":[{"embeddable":true,"href":"https:\/\/www.janetti.fi\/eraveikot\/wp-json\/wp\/v2\/users\/1"}],"replies":[{"embeddable":true,"href":"https:\/\/www.janetti.fi\/eraveikot\/wp-json\/wp\/v2\/comments?post=19"}],"version-history":[{"count":18,"href":"https:\/\/www.janetti.fi\/eraveikot\/wp-json\/wp\/v2\/pages\/19\/revisions"}],"predecessor-version":[{"id":811,"href":"https:\/\/www.janetti.fi\/eraveikot\/wp-json\/wp\/v2\/pages\/19\/revisions\/811"}],"wp:attachment":[{"href":"https:\/\/www.janetti.fi\/eraveikot\/wp-json\/wp\/v2\/media?parent=19"}],"curies":[{"name":"wp","href":"https:\/\/api.w.org\/{rel}","templated":true}]}}

Metsästysmaja

<p>Eräveikkojen metsästysmaja sijaitsee Kutemajärven kylällä. Majan pihapiirissä on tilavan päärakennuksen lisäksi nylkyvaja, uudehko pihasauna, grillikota, vanha mökki ja vanha sauna, puuliiteri sekä ulko-wc. </p>



<p>Majan yläkerrassa on yksi avoin iso tila, jossa on noin kahdeksalle henkilölle levitettävät sängyt, patjat, peitot ja tyynyt. </p>



<p>Seuran jäsenet voivat varata majaa omaan käyttöönsä oheisen varauskalenterin kautta, josta näet myös majan varaustilanteen. Majan käyttäjän tulee siivota paikat huolellisesti käytön jälkeen. </p>



<p>Majan varaukset talvisaikaan vain, mikäli sääolosuhteet sallivat. Kysy lisätietoja.</p>



<p><strong>Tiedustelut ja varaukset:<br></strong>Jorma Reinikainen, puh. 0400 883 459</p>



<p><strong>VARAUSKALENTERI</strong></p>



<div class="wp-block-booking-booking"> <div id="form_id55106568657" class="wpbc_container wpbc_form wpbc_container_booking_form " ><form id="booking_form1" class="booking_form vertical" method="post" action=""><div id="ajax_respond_insert1" class="ajax_respond_insert" style="display:none;"></div><a name="bklnk1" id="bklnk1"></a><div id="booking_form_div1" class="booking_form_div"><style type="text/css">.wpbc_container_booking_form .block_hints, .wpbc_booking_form_simple.wpbc_form_center .wpbc__form__div .wpbc__row.wpbc_r_calendar, .wpbc_booking_form_simple .wpbc__form__div .wpbc__row:not(.wpbc_r_calendar){max-width:440px;} </style>
<div class="wpbc_booking_form_simple ">
<div class="wpbc__row">
  <div class="wpbc__field">
    <div class="wpbc_calendar_wraper wpbc_change_over_triangle"><div class="wpbc_cal_container bk_calendar_frame wpbc_no_custom_width  months_num_in_row_ cal_month_num_3 wpbc_timeslot_day_bg_as_available" style=""><div id="calendar_booking1"  class="wpbc_calendar_id_1" >	<div class="calendar_loader_frame calendar_loader_frame1"
		data-wpbc-rid="1"
		data-wpbc-grace="8000"
		style="--wpbc-loader-cols: 3;"
	>
		<div class="calendar_loader_text">Loading...</div>
		<div class="calendar_loader_frame__progress_line_container">
			<div class="calendar_loader_frame__progress_line"></div>
		</div>
	</div>
	</div></div><div style="font-size:7px;text-align:left;margin:0 0 10px;text-shadow: none;">Powered by <a href="https://wpbookingcalendar.com" style="font-size:7px;" target="_blank" title="Booking Calendar plugin for WordPress">Booking Calendar</a></div><textarea id="date_booking1" name="date_booking1" autocomplete="off" style="display:none;"></textarea><div class="block_hints datepick "><div class="wpdev_hint_with_text"><div class=""><div class="datepick-inline wpbc_calendar_legend_table_width_height"><table class="datepick wpbc_calendar" style=""><tbody><tr><td class="datepick-days-cell date_available wpbc_calendar_legend_day_cell_height"><div class="wpbc-cell-box">	<div class="date-cell-content">		<div class="date-content-top"></div>		<a>&nbsp;</a>		<div class="date-content-bottom"></div>	</div></div></td></tr></tbody></table></div></div><div class="block_text">- </div><div class="block_text">Vapaa</div></div><div class="wpdev_hint_with_text"><div class=""><div class="datepick-inline wpbc_calendar_legend_table_width_height"><table class="datepick wpbc_calendar" style=""><tbody><tr><td class="datepick-days-cell datepick-unselectable date_user_unavailable full_day_booking date_approved wpbc_calendar_legend_day_cell_height"><div class="wpbc-cell-box">	<div class="date-cell-content">		<div class="date-content-top"></div>		<span>&nbsp;</span>		<div class="date-content-bottom"></div>	</div></div></td></tr></tbody></table></div></div><div class="block_text">- </div><div class="block_text">Varattu</div></div><div class="wpdev_hint_with_text"><div class=""><div class="datepick-inline wpbc_calendar_legend_table_width_height"><table class="datepick wpbc_calendar" style=""><tbody><tr><td class="datepick-days-cell datepick-unselectable date_user_unavailable full_day_booking date2approve wpbc_calendar_legend_day_cell_height"><div class="wpbc-cell-box">	<div class="date-cell-content">		<div class="date-content-top"></div>		<span>&nbsp;</span>		<div class="date-content-bottom"></div>	</div></div></td></tr></tbody></table></div></div><div class="block_text">- </div><div class="block_text">Avoin</div></div></div></div>
  </div>
  <div class="wpbc__field">
<div class="wpbc__form__div">
			<div class="wpbc__row">
				<div class="wpbc_r_name wpbc__field"> <label>First Name*</label><br><span class="wpbc_wrap_text wpdev-form-control-wrap name1"><input type="text" name="name1" value="" autocomplete="name" class="wpdev-validates-as-required" size="40" /></span> </div>
			</div>
			<div class="wpbc__row">
				<div class="wpbc_r_secondname wpbc__field"> <label>Last Name*</label><br><span class="wpbc_wrap_text wpdev-form-control-wrap secondname1"><input type="text" name="secondname1" value="" autocomplete="secondname" class="wpdev-validates-as-required" size="40" /></span> </div>
			</div>
			<div class="wpbc__row">
				<div class="wpbc_r_email wpbc__field"> <label>Email*</label><br><span class="wpbc_wrap_text wpdev-form-control-wrap email1"><input type="email" name="email1" value="" autocomplete="email" class="wpdev-validates-as-email wpdev-validates-as-required" size="40" /></span> </div>
			</div>
			<div class="wpbc__row">
				<div class="wpbc_r_phone wpbc__field"> <label>Phone</label><br><span class="wpbc_wrap_text wpdev-form-control-wrap phone1"><input type="text" name="phone1" value="" autocomplete="phone" size="40" /></span> </div>
			</div>
			<div class="wpbc__row">
				<div class="wpbc_r_details wpbc__field"> <label>Details</label><br><span class="wpbc_wrap_textarea wpdev-form-control-wrap details1"><textarea name="details1" autocomplete="details"></textarea></span> </div>
			</div>
			<div class="wpbc__row">
				<div class="wpbc_r_submit wpbc__field"><input type="button" value="Lähetä" class="wpbc_button_light  btn btn" onclick="wpbc_booking_form_submit(this.form,1, 'fi');" /> </div>
			</div>
</div>
	</div>
	</div>
</div><input id="bk_type1" name="bk_type1" class="" type="hidden" value="1" /></div><div id="submiting1"></div><div class="form_bk_messages" id="form_bk_messages1" ></div><input type="hidden" id="wpbc_nonceCALCULATE_THE_COST1" name="wpbc_nonceCALCULATE_THE_COST1" value="b13fdd5396" /><input type="hidden" name="_wp_http_referer" value="/eraveikot/wp-json/wp/v2/pages/19" /></form></div><div id="booking_form_garbage1" class="booking_form_garbage"></div> </div>

<p>Eräveikkojen metsästysmaja sijaitsee Kutemajärven kylällä. Majan pihapiirissä on tilavan päärakennuksen lisäksi nylkyvaja, uudehko pihasauna, grillikota, vanha mökki ja vanha sauna, puuliiteri sekä ulko-wc. Majan yläkerrassa on yksi avoin iso tila, jossa on noin kahdeksalle henkilölle levitettävät sängyt, patjat, peitot ja tyynyt. Seuran jäsenet voivat varata majaa omaan käyttöönsä oheisen varauskalenterin kautta, josta näet myös majan [&hellip;]</p>
